{"id":16,"date":"2007-10-03T19:20:09","date_gmt":"2007-10-03T17:20:09","guid":{"rendered":"http:\/\/bildinkomster.se\/index.php\/bildagenturer\/"},"modified":"2024-08-05T07:37:32","modified_gmt":"2024-08-05T06:37:32","slug":"bildagenturer","status":"publish","type":"page","link":"https:\/\/bildinkomster.se\/?page_id=16","title":{"rendered":"Bildagenturer"},"content":{"rendered":"<p><em><strong>P\u00e5 den h\u00e4r sidan hittar du en lista med de bildagenturer, eller s.k. micro stock agencies, som jag rekommenderar.<\/strong><\/em><\/p>\n<p><strong><a href=\"http:\/\/www.fotolia.com\/partner\/201423\" target=\"_blank\" rel=\"noopener\">Fotolia<\/a><\/strong><br \/>\nDet h\u00e4r \u00e4r en av de agenturer som jag skulle rekommendera att du b\u00f6rjar att skicka dina bilder till. De \u00e4r r\u00e4tt sn\u00e4lla i sin bed\u00f6mning j\u00e4mf\u00f6rt med flera andra.<\/p>\n<p><strong><a href=\"http:\/\/www.dreamstime.com\/res248936\" target=\"_blank\" rel=\"noopener\">Dreamstime<\/a><\/strong><br \/>\nDen h\u00e4r agenturen \u00e4r n\u00e5got h\u00e5rdare i sin bed\u00f6mning.<\/p>\n<p><strong><a href=\"http:\/\/submit.shutterstock.com\/?ref=87683\" target=\"_blank\" rel=\"noopener\">Shutterstock<\/a><\/strong><br \/>\nDen h\u00e4r agenturen fungerar lite annorlunda \u00e4n de flesta \u00f6vriga. H\u00e4r betalar de som vill k\u00f6pa foton en m\u00e5nadsavgift och f\u00e5r d\u00e5 ladda hem upp till 750 bilder var 30:e dag. Detta g\u00f6r att de flesta laddar hem betydligt fler bilder \u00e4n p\u00e5 de andra st\u00e4llena. Varje g\u00e5ng din bild laddas hem tj\u00e4nar du $0.25 vilket kanske inte l\u00e5ter s\u00e5 mycket men eftersom det l\u00e4tt blir m\u00e5nga nedladdningar h\u00e4r s\u00e5 blir det \u00e4nd\u00e5 mycket.<\/p>\n<p>Innan du kan b\u00f6rja skicka in n\u00e5gra bilder till Shutterstock m\u00e5ste du ladda upp en inscannad bild av ditt pass eller annat ID dokument. N\u00e4r det v\u00e4l blivit godk\u00e4nt m\u00e5ste du skicka in 10 bilder f\u00f6r granskning. 7 av dessa bilder m\u00e5ste bli godk\u00e4nda f\u00f6r att du ska f\u00e5 b\u00f6rja ladda upp &#8221;p\u00e5 riktigt&#8221;. Om du inte f\u00e5r 7 godk\u00e4nda f\u00e5r du v\u00e4nta 30 dagar innan du skickar in 10 nya bilder f\u00f6r granskning. B\u00f6rja d\u00e4rf\u00f6r inte med denna agentur utan b\u00f6rja med n\u00e5gon av de andra och se vilka foton som blir godk\u00e4nda d\u00e4r. Anv\u00e4nd sedan de foton som du vet blivit godk\u00e4nda p\u00e5 andra agenturer s\u00e5 \u00f6kar du dina chanser att f\u00e5 dina f\u00f6rsta foton godk\u00e4nda hos Shutterstock.<\/p>\n<p><strong><a href=\"http:\/\/www.bigstockphoto.com\/?refid=ExcMRW2Llq\" target=\"_blank\" rel=\"noopener\">BigStockPhoto<\/a><\/strong><br \/>\nYtterligare en agentur som \u00e4r r\u00e4tt sn\u00e4ll.<\/p>\n<p><strong><a href=\"http:\/\/istockphoto.com\/index.php?refnum=sarah5\" target=\"_blank\" rel=\"noopener\">iStockphoto<\/a><\/strong><br \/>\nH\u00e4r m\u00e5ste du f\u00f6rst ladda upp en inscannad bild av ditt pass eller annat ID dokument. Sedan m\u00e5ste du skicka in 3 bilder f\u00f6r godk\u00e4nnande. Agenturen \u00e4r v\u00e4ldigt h\u00e5rd i sin bed\u00f6mning av bilder.<\/p>\n<p><strong><a href=\"http:\/\/www.canstockphoto.com\/?r=44116\" target=\"_blank\" rel=\"noopener\">Can Stock Photo<\/a><\/strong><br \/>\nH\u00e4r m\u00e5ste du f\u00f6rst skicka in 3 bilder f\u00f6r godk\u00e4nnande innan du kan b\u00f6rja ladda upp &#8221;p\u00e5 riktigt&#8221;. Det verkar inte speciellt sv\u00e5rt att bli godk\u00e4nd och de verkar r\u00e4tt sn\u00e4lla i sin bed\u00f6mning av bilder.<\/p>\n<p><strong><a href=\"http:\/\/www.pond5.com\/user\/sarah5\" target=\"_blank\" rel=\"noopener\">Pond5<\/a><\/strong><br \/>\nHos den h\u00e4r bildbyr\u00e5n kan du s\u00e4lja foton, illustrationer, videoklipp, ljudeffekter, musik, After Effects projekt och 3d modeller. Du best\u00e4mmer sj\u00e4lv hur mycket du vill ta betalt f\u00f6r dina klipp.<\/p>\n<p><strong>Sammanfattningsvis kan man s\u00e4ga att Fotolia och BigStockPhoto \u00e4r bra st\u00e4llen att b\u00f6rja p\u00e5. N\u00e4r du sedan f\u00e5tt ett antal godk\u00e4nda bilder h\u00e4r kan du g\u00e5 vidare till Shutterstock. Vill du sedan forts\u00e4tta kan du testa iStockphoto men denna agentur \u00e4r v\u00e4ldigt sv\u00e5r att komma in p\u00e5. <\/strong><\/p>\n","protected":false},"excerpt":{"rendered":"<p>P\u00e5 den h\u00e4r sidan hittar du en lista med de bildagenturer, eller s.k. micro stock agencies, som jag rekommenderar. Fotolia Det h\u00e4r \u00e4r en av de agenturer som jag skulle rekommendera att du b\u00f6rjar att skicka dina bilder till. De \u00e4r r\u00e4tt sn\u00e4lla i sin bed\u00f6mning j\u00e4mf\u00f6rt med flera andra. Dreamstime Den h\u00e4r agenturen \u00e4r [&hellip;]<\/p>\n","protected":false},"author":1,"featured_media":0,"parent":0,"menu_order":3,"comment_status":"closed","ping_status":"open","template":"","meta":{"footnotes":""},"_links":{"self":[{"href":"https:\/\/bildinkomster.se\/index.php?rest_route=\/wp\/v2\/pages\/16"}],"collection":[{"href":"https:\/\/bildinkomster.se\/index.php?rest_route=\/wp\/v2\/pages"}],"about":[{"href":"https:\/\/bildinkomster.se\/index.php?rest_route=\/wp\/v2\/types\/page"}],"author":[{"embeddable":true,"href":"https:\/\/bildinkomster.se\/index.php?rest_route=\/wp\/v2\/users\/1"}],"replies":[{"embeddable":true,"href":"https:\/\/bildinkomster.se\/index.php?rest_route=%2Fwp%2Fv2%2Fcomments&post=16"}],"version-history":[{"count":4,"href":"https:\/\/bildinkomster.se\/index.php?rest_route=\/wp\/v2\/pages\/16\/revisions"}],"predecessor-version":[{"id":165,"href":"https:\/\/bildinkomster.se\/index.php?rest_route=\/wp\/v2\/pages\/16\/revisions\/165"}],"wp:attachment":[{"href":"https:\/\/bildinkomster.se\/index.php?rest_route=%2Fwp%2Fv2%2Fmedia&parent=16"}],"curies":[{"name":"wp","href":"https:\/\/api.w.org\/{rel}","templated":true}]}}